vide 6504?
True
Is 746 a multiple of 5?
False
Is 963 a multiple of 64?
False
Does 75 divide 709?
False
Is 3666 a multiple of 26?
True
Does 22 divide 418?
True
Is 24 a factor of 5602?
False
Is 6 a factor of 1155?
False
Does 27 divide 5913?
True
Is 89 a factor of 4361?
True
Is 41 a factor of 3444?
True
Is 55 a factor of 153?
False
Does 106 divide 6042?
True
Is 15 a factor of 180?
True
Is 29 a factor of 1201?
False
Is 1753 a multiple of 8?
False
Is 7 a factor of 167?
False
Does 8 divide 808?
True
Does 50 divide 750?
True
Is 15 a multiple of 15?
True
Does 3 divide 870?
True
Does 20 divide 2960?
True
Does 24 divide 7066?
False
Does 21 divide 18994?
False
Does 5 divide 3420?
True
Is 1700 a multiple of 85?
True
Does 76 divide 6537?
False
Is 7 a factor of 819?
True
Is 4 a factor of 4826?
False
Does 6 divide 108?
True
Is 70 a factor of 66517?
False
Does 33 divide 22605?
True
Is 176 a multiple of 2?
True
Is 24 a factor of 7700?
False
Is 3790 a multiple of 8?
False
Is 3703 a multiple of 23?
True
Does 31 divide 42353?
False
Does 57 divide 134?
False
Is 3 a factor of 135?
True
Is 325 a multiple of 36?
False
Is 46 a factor of 24009?
False
Does 5 divide 396?
False
Is 3324 a multiple of 54?
False
Does 57 divide 54207?
True
Is 28 a factor of 228?
False
Does 15 divide 2850?
True
Is 3927 a multiple of 5?
False
Does 43 divide 2380?
False
Is 370 a multiple of 74?
True
Is 60 a factor of 420?
True
Is 176 a multiple of 2?
True
Does 81 divide 1134?
True
Is 4 a factor of 220?
True
Does 94 divide 2563?
False
Is 3869 a multiple of 33?
False
Is 12 a factor of 44?
False
Is 441 a multiple of 3?
True
Is 1489 a multiple of 2?
False
Is 5828 a multiple of 124?
True
Is 22 a factor of 374?
True
Is 34832 a multiple of 14?
True
Is 3717 a multiple of 36?
False
Does 70 divide 47320?
True
Is 134 a multiple of 5?
False
Does 196 divide 37436?
True
Does 13 divide 3861?
True
Does 29 divide 308?
False
Is 17 a factor of 1782?
False
Does 13 divide 5997?
False
Is 5 a multiple of 2?
False
Does 26 divide 364?
True
Is 156 a factor of 1092?
True
Is 65 a factor of 4290?
True
Is 3 a factor of 14?
False
Does 17 divide 3555?
False
Is 22 a factor of 1253?
False
Does 44 divide 117084?
True
Is 3520 a multiple of 40?
True
Is 1015 a multiple of 34?
False
Is 11534 a multiple of 158?
True
Is 80902 a multiple of 38?
True
Is 45 a factor of 699?
False
Is 3000 a multiple of 12?
True
Does 2 divide 2971?
False
Does 2 divide 603?
False
Is 22 a factor of 132?
True
Is 30 a factor of 53010?
True
Is 1520 a multiple of 11?
False
Is 10 a factor of 1335?
False
Is 6567 a multiple of 13?
False
Does 55 divide 385?
True
Is 6165 a multiple of 53?
False
Does 31 divide 74989?
True
Does 4 divide 564?
True
Is 94 a factor of 25786?
False
Is 13 a factor of 50856?
True
Is 9 a factor of 693?
True
Is 11 a factor of 4499?
True
Does 173 divide 7958?
True
Is 117420 a multiple of 76?
True
Does 9 divide 5688?
True
Does 3 divide 10589?
False
Is 517 even?
False
Does 8 divide 5344?
True
Does 19 divide 3154?
True
Is 11 a factor of 116?
False
Is 341 a multiple of 4?
False
Is 10 a factor of 1227?
False
Does 30 divide 16530?
True
Is 7 a factor of 2203?
False
Does 4 divide 120?
True
Is 4 a factor of 76?
True
Is 583 a multiple of 53?
True
Does 41 divide 43678?
False
Is 1566 a multiple of 3?
True
Does 27 divide 135?
True
Does 2 divide 174?
True
Is 676 a multiple of 21?
False
Is 2464 a multiple of 14?
True
Does 84 divide 8904?
True
Does 130 divide 6370?
True
Does 10 divide 545?
False
Does 15 divide 12945?
True
Is 63 a multiple of 21?
True
Does 42 divide 4074?
True
Does 42 divide 449?
False
Does 48 divide 6960?
True
Is 23 a factor of 944?
False
Is 13328 a multiple of 98?
True
Is 24683 a multiple of 40?
False
Is 1781 a multiple of 13?
True
Does 7 divide 13?
False
Does 24 divide 2691?
False
Does 87 divide 22939?
False
Is 71 a factor of 7831?
False
Does 30 divide 600?
True
Is 413 a multiple of 28?
False
Does 14 divide 3655?
False
Is 30 a factor of 1296?
False
Is 160 a factor of 147451?
False
Is 9 a factor of 4982?
False
Is 11718 a multiple of 63?
True
Is 2772 a multiple of 44?
True
Is 10 a factor of 420?
True
Is 62 a factor of 1798?
True
Is 15 a factor of 2177?
False
Does 15 divide 7434?
False
Is 747 a multiple of 27?
False
Is 7 a factor of 14?
True
Is 16002 a multiple of 127?
True
Is 2686 a multiple of 158?
True
Does 12 divide 10320?
True
Is 19 a factor of 1672?
True
Is 86 a multiple of 9?
False
Is 76842 a multiple of 27?
True
Is 92 a multiple of 2?
True
Is 4 a factor of 868?
True
Is 44 a factor of 704?
True
Is 101 a factor of 13534?
True
Is 247 a multiple of 13?
True
Is 638 a multiple of 29?
True
Is 87 a factor of 13050?
True
Does 36 divide 2169?
False
Is 36 a factor of 8352?
True
Does 37 divide 30747?
True
Is 53 a factor of 686?
False
Does 17 divide 28254?
True
Is 50 a factor of 515?
False
Is 5 a factor of 3187?
False
Does 40 divide 21874?
False
Is 10 a factor of 2920?
True
Is 5 a factor of 400?
True
Does 55 divide 10120?
True
Is 10 a factor of 6144?
False
Is 29972 a multiple of 59?
True
Is 8816 a multiple of 21?
False
Is 1755 a multiple of 76?
False
Does 11 divide 1859?
True
Is 24 a factor of 31298?
False
Does 18 divide 6300?
True
Is 1572 a multiple of 4?
True
Is 27 a factor of 1232?
False
Is 17381 a multiple of 96?
False
Is 753 even?
False
Is 336 a multiple of 7?
True
Is 8 a factor of 675?
False
Is 250 a multiple of 5?
True
Does 4 divide 216?
True
Is 3573 a multiple of 17?
False
Is 101 a factor of 46763?
True
Does 21 divide 346?
False
Is 2372 a multiple of 116?
False
Is 26062 a multiple of 83?
True
Is 167002 a multiple of 15?
False
Does 13 divide 442?
True
Is 6 a factor of 4752?
True
Does 81 divide 1515?
False
Is 12691 a multiple of 18?
False
Is 131 a multiple of 6?
False
Does 24 divide 5961?
False
Is 16702 a multiple of 19?
False
Does 36 divide 3437?
False
Does 17 divide 5879?
False
Does 11 divide 396?
True
Does 55 divide 19970?
False
Is 196 a multiple of 7?
True
Is 11 a factor of 55?
True
Does 14 divide 2212?
True
Is 2940 a multiple of 49?
True
Is 11 a factor of 4596?
False
Does 5 divide 1903?
False
Is 2144 a multiple of 10?
False
Does 10 divide 5570?
True
Is 2394 a multiple of 21?
True
Is 4012 a multiple of 5?
False
Is 29 a factor of 10034?
True
Is 25748 a multiple of 144?
False
Is 5 a factor of 1295?
True
Is 55 a factor of 55?
True
Does 9 divide 29080?
False
Does 64 divide 5363?
False
Is 16 a factor of 160?
True
Does 54 divide 38651?
False
Is 39 a factor of 42669?
False
Does 10 divide 468?
False
Is 14862 a multiple of 9?
False
Is 85 a factor of 47090?
True
Is 33 a factor of 1980?
True
Does 17 divide 1130?
False
Is 540 a multiple of 13?
False
Is 60 a multiple of 60?
True
Is 11360 a multiple of 8?
True
Is 17244 a multiple of 40?
False
Does 13 divide 966?
False
Is 91 a factor of 1729?
True
Is 13 a factor of 158?
False
Is 1218 a multiple of 29?
True
Is 6287 a multiple of 11?
False
Is 5 a factor of 984?
False
Does 9 divide 882?
True
Is 626 a multiple of 15?
False
Is 16645 a multiple of 13?
False
Does 21 divide 37081?
False
Does 8 divide 853?
False
Is 4789 a multiple of 83?
False
Does 3 divide 846?
True
Is 37 a factor of 2294?
True
Is 11 a factor of 1012?
True
Is 150 a factor of 3450?
True
Is 7 a factor of 63?
True
Is 959 a multiple of 139?
False
Is 417 a multiple of 54?
False
Does 21 divide 294?
True
Does 167 divide 8096?
False
Does 41 divide 15662?
True
Is 4 a factor of 17829?
False
Is 6640 a multiple of 83?
True
Is 10 a factor of 25?
False
Is 9234 a multiple of 27?
True
Is 45 a factor of 2521?
False
Is 9 a factor of 657?
True
Is 49 a multiple of 2?
False
Is 77 a factor of 3388?
True
Is 10 a factor of 11360?
True
Is 24 a factor of 13704?
True
Is 33 a factor of 196?
False
Is 44 a factor of 3036?
True
Does 24 divide 9421?
False
Does 26 divide 23429?
False
Does 25 divide 1475?
True
Does 9 divide 1215?
True
Is 127 a factor of 24130?
True
Does 11 divide 12276?
True
Is 220 a multiple of 60?
False
Does 152 divide 760?
True
Does 17 divide 259?
False
Is 14 a factor of 3313?
False
Is 364 a multiple of 7?
True
Does 70 divide 13929?
False
Is 33 a factor of 361?
False
Is 18934 a multiple of 18?
False
Does 20 divide 713?
False
Is 1502 a multiple of 45?
False
Is 1383 a multiple of 50?
False
Does 2 divide 299?
False
Is 960 a multiple of 12?
True
Is 16 a multip